+ 8 + 26 + (-4 - (-10 + 9)) - 10
31
Calculate -9 + 5 + 81 + -58 - 100.
-81
What is the value of -11 - 0 - (116 - (23 + 72))?
-32
What is 1 - -15 - (22 + -29 + (1 - -15))?
7
Evaluate -23 + 43 + (3 + -8 - 40).
-25
What is (3 - -14 - -6) + 0 + -22?
1
What is -1 - (5 - 14) - (20 + 37 + -58)?
9
What is the value of -6 + (15 - 17) - (3 - -5)?
-16
Calculate 3523 + -3505 + (-1 + -1 - (-2 + -10)).
28
What is -107 - (41 - 100) - -24?
-24
Evaluate -12 - (-4 + (0 - -12)) - (11 + -7).
-24
What is the value of 1 - -86 - (-1623 + 1675)?
35
What is the value of 2 + (-8 + 2 - 7) - (-5 - -32)?
-38
What is -2 + 66 - (77 + -1)?
-12
5 - -14 - (70 - 28 - 98)
75
What is the value of -2 + -18 + 1 - (-96 - -80) - -13?
10
2 - 42 - (-39 - -31 - 1)
-31
What is 66 - 53 - (-15 + -1) - 22?
7
What is -39 - -72 - (16 + 21) - 22?
-26
What is 101 + 3 + -127 - (1 - -7)?
-31
Evaluate -15 - (109 + (103 - 151)).
-76
What is the value of -11 + (-20 - (15 - 27)) + 59?
40
What is the value of 1 - (25 + (-9 - 44) + 37)?
-8
Calculate (0 + 4 + -10 - -12) + -7 - (-3 + 96).
-94
9 + (4 - ((-2 - -5 - 3 - -9) + 4))
0
What is the value of -16 - 6 - (-12 + 0 + (6 - (-2 + -2)))?
-20
-177 - 2 - (-2130 + 2050)
-99
What is -245 + 224 + -2 + (3 - -2) + 9?
-9
Evaluate (37 - 76) + 115 - 38.
38
Calculate 2 + -3 - 20 - (-3 - 8 - -12 - -5).
-27
Evaluate (-14 - (14 - 17)) + (-5 - (3 - 113)).
94
What is -4 + -4 + 51 + (146 - 147)?
42
What is 7172 - 7041 - (3 + -1 + 8)?
121
13 - ((0 - -46 - (323 + -308)) + -19)
1
What is the value of 2 - (-1 - -4) - (-3 - (-1 + -14 - -14))?
1
Evaluate -3 + -11 + -41 + 16 + 28 - (-6 + -1).
-4
Evaluate 15 + -2 + 9 + (-11 - (-5 + 28)).
-12
(-2 - 76) + 8 + (67 - 56)
-59
Evaluate -31 - (-53 - 0) - -69.
91
What is the value of 36 + (-20 - (-105 - -59))?
62
Calculate -44 + 3 + 14 + -13 + 1 + 6.
-33
Calculate -51 - (11 + 17 + -4 + 1).
-76
-4 + (2 - 1) + (-220 - -209)
-14
Evaluate -528 + -4 + 601 - (26 + -1 - 1).
45
Calculate -58 - (57 + -177 + 57).
5
What is -3 + -1 + 17 + 2 + 15 + -30 + -66?
-66
What is the value of -37 - (-12 - (-13 + (-19 - (-25 - -15))))?
-47
What is the value of (-130 - (0 - -5 - 13)) + -14 - -12?
-124
Calculate (-6 - (5 + -5)) + (7 - -13 - (4 + -2)).
12
(8 + (12 - 5) + 13 - 15) + -4 + 1
10
-6 + (-4326 + 4320 - ((87 - 1) + (3 - 5)))
-96
Evaluate 41 + 37 + -44 - 124.
-90
105 - ((0 - 11) + (-1745 - -1787))
74
Calculate -32 - -1 - (97 - (-44 + 147)).
-25
Evaluate 29 - -11 - (23 - (0 - -12)).
29
(-1 - 6) + 2 - (-115 + (284 - 106))
-68
(-105 - -102 - -22) + 2 + 52
73
Evaluate -22 + 30 + (0 - 59) - -12.
-39
Calculate 1 + 23 + (-16 - (4 - 13)) + 12 + -20.
9
Calculate -20 + -113 + 156 - (1 - -19).
3
Calculate (-13 - -107) + (1 - -1) + (-44 - -3) + 35.
90
What is -239 + 277 - (-7 - -61) - (23 + -1)?
-38
Calculate (-11 + -6 + 6 + 13 - -9) + -43.
-32
Calculate 76 + -33 + -23 - (22 - -1).
-3
Calculate 19 + (-3 + 0 - (26 + -13)).
3
What is the value of 81 + 0 + 0 - (-283 - (-120 + -153))?
91
Evaluate -71 + 38 + 41 - (0 - (8 + 7)).
23
Evaluate 5 + (-14 - -3 - ((3 - -5) + -75)).
61
Evaluate -3 + 2 - ((-53 - 0) + 157 + -159) - -4.
58
What is (1 - -45) + (-30 - -29 - (0 - -6)) + 0?
39
What is the value of 15 + 5 - ((7 - 22) + 45)?
-10
What is the value of -180 + (-184 + 102 - -144)?
-118
What is 1 + (-21 + 25 - (-2 - -8) - 6) + 55?
48
What is -75 + (45 - (-30 + -24))?
24
Evaluate 0 - 52 - (-8378 + 8293).
33
What is the value of (23 - (-1 - (-12 - (-17 - -25)))) + 1 + 0?
5
Evaluate (-7 + 6 - -2) + -49 + 59 - (-7 + 19).
-1
What is 15 - (14 - (-16 - -9)) - (-9 - (-14 + 7))?
-4
Evaluate -455 + 476 + 79 + -3 + (-4 - -7).
100
What is the value of 5 - (-11 + 6 + 19 - (-4 + 0))?
-13
Evaluate -21 + (41 - (-20 - -74)).
-34
What is the value of -2 - -1 - (1555 - 1638)?
82
8 + (0 - 42) + (-7 - (9 - 14)) + -4
-40
(4 + -11 - (43 + -46 + 28)) + (1 - 6)
-37
What is -14 - 160 - -129 - (-14 + 0)?
-31
Calculate 1 + -3 + 35 - (-362 - -361).
34
Calculate 6 + 8 + 61 + (-24 - -2 - -41).
94
What is 18 + 3 + (2949 - 2997)?
-27
Evaluate -7 - (-1 - (1 + 57)) - (-26 + 11 + 17).
50
2 - ((4 + 6 + -6 - -47) + -2 + 0)
-47
What is (-1 + 2 + 2 - 9) + 20?
14
Evaluate (44 - 30) + 5 + 14 + -11.
22
Evaluate (128 - 91) + -51 + 0 + -2 + 70.
54
Evaluate 10 - -3 - 28 - (1 + 40 + 89).
-145
-31 - ((-58 - -70) + 13)
-56
What is -37 - 0 - -1 - (-142 - (28 + -171))?
-37
Calculate -27 - -6 - (-1 - (-46 - -15)) - 10.
-61
Evaluate -1687 + 1709 + -15 + 1 + -36.
-28
What is the value of -2 + -2 + (8 - 23) + (-23 - -34)?
-8
Evaluate -7 + (1 - (-70 - 1 - (-8 + (35 - 35)))).
57
Calculate -118 + (-21 - -92) + 0.
-47
What is the value of (-4 - (-10 + 14 + -25)) + -52?
-35
What is the value of 82 + (30 + -87 - 2)?
23
Evaluate 120 + -59 + -44 + 74 + -14.
77
What is the value of (5 - -4) + 7 + 38 + -40 - 17?
-3
Evaluate (-150 - -150) + -5 + (3 - 2) + -23 + 4.
-23
Evaluate -23 - 0 - (23 + 15 - 7 - 25).
-29
-13 + -2 + -28 + 14 + (1 - -28)
0
6 - 5 - (30 + -74 + 162)
-117
Calculate 7 + (-41 - 35) + 1 + -44.
-112
What is (0 - -17) + (-5 - (-23 + 1 + 14))?
20
Evaluate 0 - (1 - 10 - (-54 - (24 + -27))) - -3.
-39
Evaluate -5 + -24 + (-1116 - -1274).
129
-7 + -101 + (-189 - -229)
-68
Evaluate 1 + (-63 - 0) + 6.
-56
What is 24 - -2 - 9 - 30?
-13
Calculate 1 - 0 - ((62 - 0) + -12).
-49
Evaluate -15 - (-22 + 37) - -32.
2
What is -90 - ((10 - 8 - -32) + -18)?
-106
What is (64 - 139) + (69 - 0)?
-6
Evaluate 6 + (2 - (5 - (-5 - -2))) - (10 + -25).
15
-17 + (-3 + -2 - 2) + -12
-36
What is (3 - (8 + 3 + 5)) + -12?
-25
Evaluate 9 - (-24 - (-86 + 21)).
-32
What is (-5 + 5 + -1 - (7 + -1)) + -1468 + 1502?
27
-18 + -4 - -47 - (-25 - -19)
31
-47 + 37 + -12 + 0
-22
Evaluate -51 - (-23 + (-274 - -148)).
98
What is the value of (-8 - -13) + (2 + 7 - (16 - (12 + -7)))?
3
What is the value of -4 - (28 - 31) - (2 - -1 - (165 - 71))?
90
What is the value of -3681 + 3662 - (12 - -2)?
-33
Calculate 12 + -14 + (2 - 65) + (1 - -14).
-50
(-35 - -46) + (-6 - 14 - 0) + -5
-14
(-62 - (-222 + 229 + (0 - 1))) + 3 + -3
-68
(127 - 74 - 116) + 54
-9
Calculate 35 + -19 + -32 + -1 + 54.
37
Evaluate -74 + (32 + 32 + (-86 - -24) - (-1 - 8)).
-63
(-85 - -39) + 57 - ((1 - 24) + -2)
36
Evaluate -5 + 5 + -2 + -7 - (-2 + 3 - 40).
30
3 - (-1 - -18) - (691 + -702)
-3
What is (24 - 96) + 19 - 1 - (1 - (-12 + 2))?
-65
Evaluate -38 + (-25 - -34) + 25 + -2.
-6
Evaluate 19 + 2 - ((-237 - -136) + 150).
-28
Evaluate -106 - ((77 - 88) + -33).
-62
What is (16 - 2) + -23 + 16 + -18 + 3?
-8
What is the value of (35 - 12) + -11 - -78 - 6?
84
What is (-17 - -7 - 1) + 318 + -376?
-69
Calculate -4 + -7 - (0 + (-38 - (4 + -1 + -5))).
25
(1 - 10) + -17 + -54 + 66 + -57
-71
Evaluate -24 + 45 - 28 - -37 - (1 + -14).
43
What is (59 - 82) + 42 - -37?
56
What is the value of (33 - (-1 + 0)) + (1286 - 1267)?
53
What is the value of -299 + 153 + 6 + 187?
47
Calculate (-47 - -1) + ((0 - 9) + (44 - 43) - -6).
-48
Evaluate (5 - 10) + -14 + 3 + 10 + 7 + -11.
-10
What is -51 + (40 - -29) - -3?
21
What is the value of 45 + (-35 - -71 - (0 + 12 + 1))?
68
Calculate -9 - (2 - (-1 + 3 + 6)) - (90 + -23).
-70
(3 - 3) + 5 + (32 - (6 - -2)) + 12
41
40 + 3 + 5 + 2
50
156 + -162 + 113 - 48
59
-12 - (-3 - -6 - 3 - (30 + -18))
0
What is the value of -16 - (-24 + 107 + -68 + (-2 - (-4 - -73)))?
40
What is 16 + (-4 - 21) + (71 - 52) - 44?
-34
What is the value of 111 + (81 - 223) + 19?
-12
Evaluate 103 + 11 - (6 + (-17 - 4) + 13 + 5).
111
0 + 28 + 201 + -87 + -109
33
11 + 67 + -125 + 51
4
What is the value of 4 - (5 + -14) - ((-5 - -2) + 2 + 10)?
4
Evaluate (-12 + 0 - (-36 + (49 - 22))) + 13.
10
Calculate (20 - 19) + -32 + 4 - -47.
20
Evaluate -8 - (-42 + (-24 - -57)) - -87.
88
0 - (-1 + -7 + 8 - (11 + (4 - 6)))
9
Evaluate (-276 - -276) + 4 + (8 + -3 - 3) + -25.
-19
Evaluate 5 + 0 + (0 - (20 - 6)) - 48.
-57
(-2 + -8 - 21) + (14 - (-3 - -4))
-18
What is (-1 - (-2 + -8 + 16)) + -46 + 97?
44
36 + (113 - 51) + -38
60
Evaluate -24 + (-1 - -1) - ((105 + -52 - 10) + -48).
-19
Calculate (-21 - -1) + ((-3 - -23) + 2 - (-590 - -604)).
-12
What is the value of (17 - ((66 - 16) + -18)) + -13 + 0?
-28
What is -116 - (-140 + 129) - -75?
-30
-15 + -40 + 11 + 36
-8
Calculate 17 + 5 - (-1 + -22 - -10).
35
Calculate 1 - 9 - 0 - (2 - ((-7 - -8) + -4)).
-13
(95 - (43 + 63)) + (-2 - -2) + -35
-46
What is the value of 11 - (-11 - -76) - (12 - 7)?